 is 0 - -1a4?
1a4
In base 2, what is 1 - -11111?
100000
In base 2, what is 10000 + 110?
10110
In base 13, what is 11 - -4?
15
In base 14, what is -3 - 1d?
-22
In base 3, what is -1202 - 21200?
-100102
In base 16, what is -3 + 3?
0
In base 11, what is 1525 - 2?
1523
In base 7, what is -5 - -3011?
3003
In base 2, what is -1001 - 10001100100?
-10001101101
In base 12, what is -85 + 24?
-61
In base 15, what is 11d - 5?
118
In base 13, what is 10 - 36?
-26
In base 6, what is 4 - 151?
-143
In base 10, what is 0 + -2249?
-2249
In base 11, what is -33 - 10?
-43
In base 2, what is 10 + -10110?
-10100
In base 7, what is 221 - 2?
216
In base 6, what is 5 - -34?
43
In base 10, what is 28 + -3?
25
In base 13, what is 1 + -a?
-9
In base 5, what is -4 + 130?
121
In base 11, what is -97 + 99?
2
In base 4, what is 3 + -12222?
-12213
In base 7, what is -3651 - -3?
-3645
In base 10, what is 0 + 17?
17
In base 10, what is -93 + 3?
-90
In base 16, what is -338 + 4?
-334
In base 9, what is -12 + 2262?
2250
In base 3, what is 212 - 0?
212
In base 6, what is -3 - 34?
-41
In base 4, what is -2132 + 121?
-2011
In base 13, what is 739 - -5?
741
In base 12, what is 132 + -1?
131
In base 9, what is 5 - -10?
15
In base 2, what is 1010 + 10000110?
10010000
In base 16, what is 1b - 3?
18
In base 10, what is 24 - -10?
34
In base 3, what is 222112 - 12?
222100
In base 10, what is -221 + 1?
-220
In base 11, what is 3338 - -2?
333a
In base 11, what is 2 + -78?
-76
In base 13, what is -48 - -3?
-45
In base 15, what is 85 - 1?
84
In base 11, what is 3334 + -1?
3333
In base 7, what is -3 - -254?
251
In base 5, what is 3 - 34000?
-33442
In base 2, what is 0 + 11011110?
11011110
In base 8, what is -7 - 125?
-134
In base 10, what is -9 - 25?
-34
In base 15, what is 2 - -e?
11
In base 10, what is 0 - -924?
924
In base 15, what is 1073b - -5?
10741
In base 10, what is 3 - -70?
73
In base 14, what is 2 + 375a?
375c
In base 16, what is 2e5 + 6?
2eb
In base 16, what is -7 - 4e?
-55
In base 6, what is 2222 + 14?
2240
In base 2, what is -1 + -1111001?
-1111010
In base 8, what is -406 + 10?
-376
In base 10, what is -6 + -53?
-59
In base 2, what is 101000100 - -10?
101000110
In base 15, what is -38 + 47?
e
In base 8, what is -3 - -144?
141
In base 15, what is 5 - -b?
11
In base 16, what is 22 - 5?
1d
In base 15, what is -1da + -1?
-1db
In base 16, what is 2c - c?
20
In base 11, what is 14a - 8?
142
In base 7, what is 1 + 6?
10
In base 10, what is 3 - 118?
-115
In base 8, what is 4 - 14?
-10
In base 6, what is -5 + -10?
-15
In base 9, what is -1443 - -5?
-1437
In base 10, what is -173 - 0?
-173
In base 13, what is 15b + -5?
156
In base 13, what is 61 - -4a?
ab
In base 15, what is 83d + -3?
83a
In base 6, what is -1553 + 2?
-1551
In base 10, what is -5 + -24?
-29
In base 6, what is 202 + -2?
200
In base 2, what is 1111 + 1010111?
1100110
In base 4, what is -10 + 1?
-3
In base 8, what is -277 - 126?
-425
In base 15, what is 0 - -26e?
26e
In base 7, what is 361 + 1?
362
In base 3, what is -120 + 11?
-102
In base 5, what is -3 - 42?
-100
In base 10, what is 1 - 92?
-91
In base 14, what is -54c - 0?
-54c
In base 10, what is 11 - 6?
5
In base 12, what is -7 + 51b?
514
In base 9, what is 3 + 1373?
1376
In base 3, what is 10 - 2210?
-2200
In base 9, what is 0 + 1842?
1842
In base 13, what is 1 - 1c6?
-1c5
In base 2, what is 1111001 - -1?
1111010
In base 6, what is -42 - -421?
335
In base 2, what is -11000101 - 0?
-11000101
In base 2, what is 1 + -101000001?
-101000000
In base 3, what is 100100 - -201?
101001
In base 12, what is -5 + -1765?
-176a
In base 9, what is -2 + 16?
14
In base 11, what is -52 + 6?
-47
In base 2, what is 101011110 - 11?
101011011
In base 6, what is -324 + 0?
-324
In base 4, what is 10033 + -1?
10032
In base 4, what is -2 + 113030?
113022
In base 16, what is 33 - d?
26
In base 8, what is -22 - 4?
-26
In base 2, what is -101000011111 - 101?
-101000100100
In base 5, what is 14 + 34?
103
In base 12, what is -26 + 48?
22
In base 5, what is -22 + -23?
-100
In base 5, what is -14 - 24?
-43
In base 14, what is -6 - 7d?
-85
In base 7, what is 315 - -1?
316
In base 15, what is -3 + -6b7?
-6ba
In base 16, what is 43 - 1?
42
In base 6, what is -415 - -2?
-413
In base 12, what is 2 + 16?
18
In base 7, what is -5 + -5052?
-5060
In base 4, what is -22 - 113?
-201
In base 12, what is -129 - -63?
-86
In base 3, what is 221221 - -1?
221222
In base 11, what is -703 + -4?
-707
In base 9, what is -11 + -104?
-115
In base 9, what is 31 + -26?
4
In base 16, what is a + -12?
-8
In base 16, what is -1641 + 4?
-163d
In base 2, what is 11100 + -10111?
101
In base 4, what is -223 - 313?
-1202
In base 10, what is 329 - -2?
331
In base 13, what is -400 + -4?
-404
In base 16, what is 0 - 497?
-497
In base 5, what is 120 - -43?
213
In base 6, what is 0 - 31051?
-31051
In base 7, what is 611 - 14?
564
In base 6, what is 50 - -1200?
1250
In base 12, what is -5372 + -5?
-5377
In base 5, what is -31 + -220?
-301
In base 9, what is -5 - -332?
326
In base 6, what is 15 + 4?
23
In base 4, what is -2 + 11?
3
In base 8, what is -5 - -1257?
1252
In base 2, what is 10100001 + -101000?
1111001
In base 14, what is -45d0 + 2?
-45cc
In base 14, what is 34 + -6?
2c
In base 12, what is -13 + 2a?
17
In base 4, what is -31 - -1?
-30
In base 8, what is -5 - 44?
-51
In base 9, what is -42 + 2?
-40
In base 2, what is 1100 + 111?
10011
In base 5, what is -1 + 202?
201
In base 11, what is 20 - 36?
-16
In base 15, what is -1 - 40c?
-40d
In base 7, what is -16 - 120?
-136
In base 8, what is 4 - 1627?
-1623
In base 6, what is 20 + 24?
44
In base 4, what is 1 - 33222?
-33221
In base 9, what is -2 + 13?
11
In base 8, what is 36 - 5?
31
In base 6, what is 14 - 1?
13
In base 7, what is -6 - -10?
1
In base 7, what is 1 - 1566?
-1565
In base 13, what is 5 + -28?
-23
In base 6, what is -10 + -35?
-45
In base 13, what is 95 - 4?
91
In base 14, what is 4b - 1?
4a
In base 8, what is -4 - 13634?
-13640
In base 11, what is 726 + -5?
721
In base 9, what is 543 + 4?
547
In base 10, what is -17 - 45?
-62
In base 5, what is 3120 + -1?
3114
In base 16, what is -3 - 92?
-95
In base 4, what is -3 + -1313?
-1322
In base 5, what is 2 + -213?
-211
In base 7, what is 0 + 134?
134
In base 7, what is 11243 - -2?
11245
In base 14, what is 13a3 + 0?
13a3
In base 14, what is -20b - -2?
-209
In base 16, what is -5 - d1?
-d6
In base 7, what is -63 + -12?
-105
In base 14, what is -9 - 1a6?
-1b1
In base 12, what is -1 - -67?
66
In base 4, what is -303 - 1?
-310
In base 3, what is 12 + 100120?
100202
In base 15, what is 5 + 547?
54c
In base 8, what is 1336 - 4?
1332
In base 5, what is -134 + 3?
-131
In base 10, what is -1582 - 0?
-1582
In base 15, what is -170 - 6?
-176
In base 14, what is 60 - 0?
60
In base 3, what is 122112 + -221?
121121
In base 3, what is -20012 - -10?
-20002
In base 7, what is 1 - 11?
-10
In base 8, what is 244 - -225?
471
In base 7, what is -516 + 4?
-512
In base 10, what is 29 + -5?
24
In base 11, what is 8 - 0?
8
In base 7, what is -10 - 214?
-224
In base 13, what is -3 - -257?
254
In base 2, what is 1000 + 1100011000?
1100100000
In base 16, what is 50b - -2?
50d
In base 3, what is 10011 + 12?
10100
In base 12, what is -3 + -83b?
-842
In base 10, what is -1 - -176?
175
In base 12, what is 23 + 141?
164
In base 6, what is -543 + 4?
-535
In base 15, what is 38 - 11?
27
In base 12, what is -3b - 40?
-7b
In base 12, what is 1 - b2?
-b1
In base 2, what is -111 + -10101010?
-10110001
In base 6, what is -3122 + -1?
-3123
In base 7, what is -1 - 4?
-5
In base 16, what is -789 - 8?
-791
In base 2, what is -11101110111110 + 101?
-11101110111001
In base 7, what is 3 + -1344?
-1341
In base 2, what is 110001001001001 + -11?
110001001000110
In base 12, what is -124 + -10?
-134
In base 4, what is 0 - -2201?
2201
In base 7, what is 10 - 5411?
-5401
In base 12, what is 2 - -59?
5b
In base 2, what is 111111101110000 - 10?
111111101101110
In base 16, what is c4 + e?
d2
In base 6, what is 203 + 0?
203
In base 12, what is 6 - 11?
-7
In base 2, what is -10110110 - 11?
-10111001
In base 11, what is 1 - 45?
-44
In base 6, what is -13 - 1?
-14
In base 16, what is -1 - -bf?
be
In base 9, what is 128 - 0?
128
In base 9, what is -610 - 4?
-614
In base 14, what is -b2b 